{"id":195,"date":"2023-04-11T18:10:45","date_gmt":"2023-04-11T16:10:45","guid":{"rendered":"https:\/\/ambabidjan.esteri.it\/italia-e-costa-davorio\/diplomazia-culturale\/"},"modified":"2024-02-12T16:33:38","modified_gmt":"2024-02-12T15:33:38","slug":"diplomazia-culturale","status":"publish","type":"page","link":"https:\/\/ambabidjan.esteri.it\/fr\/italia-e-costa-davorio\/diplomazia-culturale\/","title":{"rendered":"Diplomatie culturelle"},"content":{"rendered":"<p><strong>SEMAINE DE LA CUISINE ITALIENNE DANS LE MONDE 2022<\/strong><\/p>\n<p>28 novembre &#8211; 5 d\u00e9cembre 2022<\/p>\n<p>L&rsquo;Ambassade d&rsquo;Italie \u00e0 Abidjan a associ\u00e9 des chefs de renomm\u00e9e internationale \u00e0 l&rsquo;organisation de \u2018\u2019<strong>la Semaine de la Cuisine Italienne dans le Monde\u2019\u2019<\/strong> 2022, la premi\u00e8re dans le pays depuis six ans. L\u2019initiative a consist\u00e9 en deux \u00e9v\u00e9nements :<\/p>\n<ul>\n<li>Une journ\u00e9e de formation aux \u00e9l\u00e8ves d\u2019une \u00e9cole de formation h\u00f4teli\u00e8re de la place\u00a0sur la r\u00e9alisation des p\u00e2tes fraiches et celle de la pizza\u00a0;<\/li>\n<li>Un diner dans l\u2019un des meilleurs restaurant italien de la capitale \u00e9conomique avec des membres du gouvernement, des repr\u00e9sentations diplomatiques, de la soci\u00e9t\u00e9 civile et de la communaut\u00e9 italienne.<\/li>\n<\/ul>\n","protected":false},"excerpt":{"rendered":"SEMAINE DE LA CUISINE ITALIENNE DANS LE MONDE 2022 28 novembre &#8211; 5 d\u00e9cembre 2022 L&rsquo;Ambassade d&rsquo;Italie \u00e0 Abidjan a associ\u00e9 des chefs de renomm\u00e9e internationale \u00e0 l&rsquo;organisation de \u2018\u2019la Semaine de la Cuisine Italienne dans le Monde\u2019\u2019 2022, la premi\u00e8re dans le pays depuis six ans. L\u2019initiative a consist\u00e9 en deux \u00e9v\u00e9nements : Une [&hellip;]","protected":false},"author":1,"featured_media":0,"parent":189,"menu_order":2,"comment_status":"closed","ping_status":"closed","template":"","meta":{"footnotes":""},"class_list":["post-195","page","type-page","status-publish","hentry"],"_links":{"self":[{"href":"https:\/\/ambabidjan.esteri.it\/fr\/wp-json\/wp\/v2\/pages\/195","targetHints":{"allow":["GET"]}}],"collection":[{"href":"https:\/\/ambabidjan.esteri.it\/fr\/wp-json\/wp\/v2\/pages"}],"about":[{"href":"https:\/\/ambabidjan.esteri.it\/fr\/wp-json\/wp\/v2\/types\/page"}],"author":[{"embeddable":true,"href":"https:\/\/ambabidjan.esteri.it\/fr\/wp-json\/wp\/v2\/users\/1"}],"replies":[{"embeddable":true,"href":"https:\/\/ambabidjan.esteri.it\/fr\/wp-json\/wp\/v2\/comments?post=195"}],"version-history":[{"count":5,"href":"https:\/\/ambabidjan.esteri.it\/fr\/wp-json\/wp\/v2\/pages\/195\/revisions"}],"predecessor-version":[{"id":1308,"href":"https:\/\/ambabidjan.esteri.it\/fr\/wp-json\/wp\/v2\/pages\/195\/revisions\/1308"}],"up":[{"embeddable":true,"href":"https:\/\/ambabidjan.esteri.it\/fr\/wp-json\/wp\/v2\/pages\/189"}],"wp:attachment":[{"href":"https:\/\/ambabidjan.esteri.it\/fr\/wp-json\/wp\/v2\/media?parent=195"}],"curies":[{"name":"wp","href":"https:\/\/api.w.org\/{rel}","templated":true}]}}

<p><strong>SEMAINE DE LA CUISINE ITALIENNE DANS LE MONDE 2022</strong></p>
<p>28 novembre &#8211; 5 décembre 2022</p>
<p>L&rsquo;Ambassade d&rsquo;Italie à Abidjan a associé des chefs de renommée internationale à l&rsquo;organisation de ‘’<strong>la Semaine de la Cuisine Italienne dans le Monde’’</strong> 2022, la première dans le pays depuis six ans. L’initiative a consisté en deux événements :</p>
<ul>
<li>Une journée de formation aux élèves d’une école de formation hôtelière de la place sur la réalisation des pâtes fraiches et celle de la pizza ;</li>
<li>Un diner dans l’un des meilleurs restaurant italien de la capitale économique avec des membres du gouvernement, des représentations diplomatiques, de la société civile et de la communauté italienne.</li>
</ul>

SEMAINE DE LA CUISINE ITALIENNE DANS LE MONDE 2022 28 novembre &#8211; 5 décembre 2022 L&rsquo;Ambassade d&rsquo;Italie à Abidjan a associé des chefs de renommée internationale à l&rsquo;organisation de ‘’la Semaine de la Cuisine Italienne dans le Monde’’ 2022, la première dans le pays depuis six ans. L’initiative a consisté en deux événements : Une [&hellip;]
