{"id":179,"date":"2023-04-11T17:53:01","date_gmt":"2023-04-11T15:53:01","guid":{"rendered":"https:\/\/ambabidjan.esteri.it\/chi-siamo\/lambasciatore\/"},"modified":"2025-11-14T16:01:37","modified_gmt":"2025-11-14T15:01:37","slug":"lambasciatore","status":"publish","type":"page","link":"https:\/\/ambabidjan.esteri.it\/fr\/chi-siamo\/lambasciatore\/","title":{"rendered":"L&rsquo;Ambassadeur"},"content":{"rendered":"<p><strong>S.E. Roberta Di Lecce<\/strong><\/p>\n<p><img loading=\"lazy\" decoding=\"async\" class=\"alignnone wp-image-1945 img-fluid\" src=\"https:\/\/ambabidjan.esteri.it\/wp-content\/uploads\/2025\/11\/IMG-20251113-WA0003-1-208x300.jpg\" alt=\"\" width=\"123\" height=\"177\" srcset=\"https:\/\/ambabidjan.esteri.it\/wp-content\/uploads\/2025\/11\/IMG-20251113-WA0003-1-208x300.jpg 208w, https:\/\/ambabidjan.esteri.it\/wp-content\/uploads\/2025\/11\/IMG-20251113-WA0003-1-710x1024.jpg 710w, https:\/\/ambabidjan.esteri.it\/wp-content\/uploads\/2025\/11\/IMG-20251113-WA0003-1-768x1108.jpg 768w, https:\/\/ambabidjan.esteri.it\/wp-content\/uploads\/2025\/11\/IMG-20251113-WA0003-1.jpg 887w\" sizes=\"auto, (max-width: 123px) 100vw, 123px\" \/><\/p>\n<p style=\"text-align: justify;\">N\u00e9e \u00e0 Rome le 5 janvier 1979, elle obtient une licence en sciences internationales et diplomatiques \u00e0 l&rsquo;universit\u00e9 de Trieste en 2002. Elle a obtenu un master en \u00e9conomie publique et administration publique \u00e0 l&rsquo;universit\u00e9 \u00ab La Sapienza \u00bb de Rome en 2003 et un master en \u00e9tudes politiques et administratives europ\u00e9ennes au Coll\u00e8ge d&rsquo;Europe \u00e0 Bruges en 2004.<\/p>\n<p style=\"text-align: justify;\">\u00c0 l&rsquo;issue d&rsquo;un concours, elle a \u00e9t\u00e9 nomm\u00e9e secr\u00e9taire de l\u00e9gation\u00a0 dans la carri\u00e8re diplomatique le 30 d\u00e9cembre 2004. Apr\u00e8s ses premi\u00e8res fonctions \u00e0 la Direction g\u00e9n\u00e9rale pour l&rsquo;Afrique subsaharienne et \u00e0 la Direction g\u00e9n\u00e9rale pour l&rsquo;int\u00e9gration europ\u00e9enne du minist\u00e8re, elle est nomm\u00e9e en 2008 premi\u00e8re secr\u00e9taire \u00e0 l&rsquo;Ambassade d&rsquo;Italie \u00e0 Khartoum (Soudan). Depuis 2012, elle occupe les fonctions de premi\u00e8re secr\u00e9taire puis de conseill\u00e8re \u00e0 la repr\u00e9sentation permanente de l&rsquo;Italie aupr\u00e8s de l&rsquo;Union europ\u00e9enne \u00e0 Bruxelles.<\/p>\n<p style=\"text-align: justify;\">En 2016, elle revient \u00e0 Rome pour prendre ses fonctions au sein de l&rsquo;Unit\u00e9 de crise du Secr\u00e9tariat g\u00e9n\u00e9ral du Minist\u00e8re des Affaires \u00e9trang\u00e8res. En 2019, elle est nomm\u00e9e conseill\u00e8re puis premi\u00e8re conseill\u00e8re \u00e0 l&rsquo;ambassade d&rsquo;Italie \u00e0 Beyrouth (Liban).<\/p>\n<p style=\"text-align: justify;\">En 2023, elle assume la fonction de r\u00e9gente de l&rsquo;Ambassade d&rsquo;Italie \u00e0 Damas. En 2024, elle revient \u00e0 Rome pour occuper le poste de chef de bureau \u00e0 la Direction g\u00e9n\u00e9rale des affaires politiques.<\/p>\n<p style=\"text-align: justify;\">En 2025, elle est nomm\u00e9e Ambassadrice d&rsquo;Italie aupr\u00e8s de la R\u00e9publique de C\u00f4te d&rsquo;Ivoire, \u00e9galement accr\u00e9dit\u00e9e pour le Liberia et la Sierra Leone.<\/p>\n<p style=\"text-align: justify;\"><em>En 2022, elle est nomm\u00e9e Chevalier de l&rsquo;Ordre du M\u00e9rite de la R\u00e9publique italienne.<\/em><\/p>\n<p>&nbsp;<\/p>\n","protected":false},"excerpt":{"rendered":"S.E. Roberta Di Lecce N\u00e9e \u00e0 Rome le 5 janvier 1979, elle obtient une licence en sciences internationales et diplomatiques \u00e0 l&rsquo;universit\u00e9 de Trieste en 2002. Elle a obtenu un master en \u00e9conomie publique et administration publique \u00e0 l&rsquo;universit\u00e9 \u00ab La Sapienza \u00bb de Rome en 2003 et un master en \u00e9tudes politiques et administratives [&hellip;]","protected":false},"author":1,"featured_media":0,"parent":165,"menu_order":0,"comment_status":"closed","ping_status":"closed","template":"","meta":{"footnotes":""},"class_list":["post-179","page","type-page","status-publish","hentry"],"_links":{"self":[{"href":"https:\/\/ambabidjan.esteri.it\/fr\/wp-json\/wp\/v2\/pages\/179","targetHints":{"allow":["GET"]}}],"collection":[{"href":"https:\/\/ambabidjan.esteri.it\/fr\/wp-json\/wp\/v2\/pages"}],"about":[{"href":"https:\/\/ambabidjan.esteri.it\/fr\/wp-json\/wp\/v2\/types\/page"}],"author":[{"embeddable":true,"href":"https:\/\/ambabidjan.esteri.it\/fr\/wp-json\/wp\/v2\/users\/1"}],"replies":[{"embeddable":true,"href":"https:\/\/ambabidjan.esteri.it\/fr\/wp-json\/wp\/v2\/comments?post=179"}],"version-history":[{"count":6,"href":"https:\/\/ambabidjan.esteri.it\/fr\/wp-json\/wp\/v2\/pages\/179\/revisions"}],"predecessor-version":[{"id":1948,"href":"https:\/\/ambabidjan.esteri.it\/fr\/wp-json\/wp\/v2\/pages\/179\/revisions\/1948"}],"up":[{"embeddable":true,"href":"https:\/\/ambabidjan.esteri.it\/fr\/wp-json\/wp\/v2\/pages\/165"}],"wp:attachment":[{"href":"https:\/\/ambabidjan.esteri.it\/fr\/wp-json\/wp\/v2\/media?parent=179"}],"curies":[{"name":"wp","href":"https:\/\/api.w.org\/{rel}","templated":true}]}}

<p><strong>S.E. Roberta Di Lecce</strong></p>
<p><img loading="lazy" decoding="async" class="alignnone wp-image-1945 img-fluid" src="https://ambabidjan.esteri.it/wp-content/uploads/2025/11/IMG-20251113-WA0003-1-208x300.jpg" alt="" width="123" height="177" srcset="https://ambabidjan.esteri.it/wp-content/uploads/2025/11/IMG-20251113-WA0003-1-208x300.jpg 208w, https://ambabidjan.esteri.it/wp-content/uploads/2025/11/IMG-20251113-WA0003-1-710x1024.jpg 710w, https://ambabidjan.esteri.it/wp-content/uploads/2025/11/IMG-20251113-WA0003-1-768x1108.jpg 768w, https://ambabidjan.esteri.it/wp-content/uploads/2025/11/IMG-20251113-WA0003-1.jpg 887w" sizes="auto, (max-width: 123px) 100vw, 123px" /></p>
<p style="text-align: justify;">Née à Rome le 5 janvier 1979, elle obtient une licence en sciences internationales et diplomatiques à l&rsquo;université de Trieste en 2002. Elle a obtenu un master en économie publique et administration publique à l&rsquo;université « La Sapienza » de Rome en 2003 et un master en études politiques et administratives européennes au Collège d&rsquo;Europe à Bruges en 2004.</p>
<p style="text-align: justify;">À l&rsquo;issue d&rsquo;un concours, elle a été nommée secrétaire de légation  dans la carrière diplomatique le 30 décembre 2004. Après ses premières fonctions à la Direction générale pour l&rsquo;Afrique subsaharienne et à la Direction générale pour l&rsquo;intégration européenne du ministère, elle est nommée en 2008 première secrétaire à l&rsquo;Ambassade d&rsquo;Italie à Khartoum (Soudan). Depuis 2012, elle occupe les fonctions de première secrétaire puis de conseillère à la représentation permanente de l&rsquo;Italie auprès de l&rsquo;Union européenne à Bruxelles.</p>
<p style="text-align: justify;">En 2016, elle revient à Rome pour prendre ses fonctions au sein de l&rsquo;Unité de crise du Secrétariat général du Ministère des Affaires étrangères. En 2019, elle est nommée conseillère puis première conseillère à l&rsquo;ambassade d&rsquo;Italie à Beyrouth (Liban).</p>
<p style="text-align: justify;">En 2023, elle assume la fonction de régente de l&rsquo;Ambassade d&rsquo;Italie à Damas. En 2024, elle revient à Rome pour occuper le poste de chef de bureau à la Direction générale des affaires politiques.</p>
<p style="text-align: justify;">En 2025, elle est nommée Ambassadrice d&rsquo;Italie auprès de la République de Côte d&rsquo;Ivoire, également accréditée pour le Liberia et la Sierra Leone.</p>
<p style="text-align: justify;"><em>En 2022, elle est nommée Chevalier de l&rsquo;Ordre du Mérite de la République italienne.</em></p>
<p>&nbsp;</p>

S.E. Roberta Di Lecce Née à Rome le 5 janvier 1979, elle obtient une licence en sciences internationales et diplomatiques à l&rsquo;université de Trieste en 2002. Elle a obtenu un master en économie publique et administration publique à l&rsquo;université « La Sapienza » de Rome en 2003 et un master en études politiques et administratives [&hellip;]
